44
In base 14, what is 1 - -53a9b?
53a9c
In base 14, what is 831 + -50?
7c1
In base 2, what is -1011 + 10101001100000?
10101001010101
In base 15, what is -618 - -375?
-293
In base 8, what is -54556 + -5?
-54563
In base 16, what is -5c1 - -178?
-449
In base 10, what is 3 - 14309?
-14306
In base 5, what is 3 + -1410420?
-1410412
In base 5, what is 12 - 13443201?
-13443134
In base 5, what is -333413323 + 10?
-333413313
In base 8, what is 100 - 30?
50
In base 3, what is 11 - 20210121?
-20210110
In base 5, what is -11033 + 214?
-10314
In base 9, what is 100 - 12827?
-12727
In base 15, what is 24720 - -2?
24722
In base 15, what is 2a4c - 148?
2904
In base 4, what is 20212 - -1122?
22000
In base 10, what is -465 - 1014?
-1479
In base 13, what is -32 + 7c4?
792
In base 6, what is 113 - -101453?
102010
In base 14, what is 25287 - 2?
25285
In base 10, what is -60 + -2427?
-2487
In base 16, what is 2a - -2d11?
2d3b
In base 12, what is 0 + -1a341?
-1a341
In base 6, what is -114 - -44533?
44415
In base 6, what is 4150511 - -1?
4150512
In base 7, what is -2304 + 4426?
2122
In base 7, what is -43514 + -2?
-43516
In base 16, what is 563a6 + -4?
563a2
In base 5, what is -110 + 213442?
213332
In base 11, what is -43060 + 0?
-43060
In base 9, what is 1 - -63?
64
In base 3, what is -2 - -20112002?
20112000
In base 11, what is -5 - -a944?
a93a
In base 12, what is -a - -a86?
a78
In base 6, what is -1 + 1422014?
1422013
In base 5, what is 0 - -314443?
314443
In base 15, what is -1b + 3ad95?
3ad79
In base 2, what is -10000 - 10000011000?
-10000101000
In base 12, what is -9307b - -11?
-9306a
In base 8, what is -61511 - 14?
-61525
In base 15, what is 3ad0a + -2?
3ad08
In base 15, what is -12 + -9b06?
-9b18
In base 6, what is 14443 - 24?
14415
In base 11, what is 108598 - -5?
1085a2
In base 15, what is -1124c + -3?
-11250
In base 12, what is 13402 - -3?
13405
In base 12, what is 14 - 1847?
-1833
In base 6, what is 21 - -131300?
131321
In base 14, what is 10c9 - 13?
10b6
In base 6, what is -3 + 310445?
310442
In base 9, what is 4507 + -324?
4173
In base 9, what is 1 - -374612?
374613
In base 12, what is -2341a - -5?
-23415
In base 6, what is -1342500 + 4?
-1342452
In base 13, what is -1 - -6181c?
6181b
In base 2, what is 1 - -1111001100010011110?
1111001100010011111
In base 13, what is 8568ba + -3?
8568b7
In base 14, what is cc3 - a?
cb7
In base 6, what is -243051 + -2?
-243053
In base 2, what is 100 - 100110110011111010?
-100110110011110110
In base 3, what is 1 + 102001002?
102001010
In base 16, what is 0 - 2e03e?
-2e03e
In base 3, what is -121112 - 20101?
-211220
In base 8, what is -416070 + -1?
-416071
In base 7, what is 22544 - 244?
22300
In base 6, what is 43554 - -53?
44051
In base 6, what is 420 - -5113?
5533
In base 16, what is -5 - -1532?
152d
In base 8, what is 4 + -4077153?
-4077147
In base 2, what is 110100110100 - -11111110010?
1010100100110
In base 13, what is -7 + -22bc?
-22c6
In base 4, what is 111121 + -122?
110333
In base 6, what is 1 + -142134?
-142133
In base 16, what is -29 - -247c?
2453
In base 8, what is -6131 - 5?
-6136
In base 13, what is -4 - 254?
-258
In base 12, what is -184 + 1aa?
26
In base 3, what is -2112200 + -1?
-2112201
In base 14, what is 39 + 5b8?
613
In base 5, what is 2130343 + 4?
2130402
In base 15, what is 1 + 45717?
45718
In base 13, what is -806 + -52?
-858
In base 3, what is -10 - 1110002220?
-1110010000
In base 4, what is -312101 - -1?
-312100
In base 6, what is 4403 + 2121?
10524
In base 15, what is 1546c - -3?
15470
In base 9, what is -106 + 6564?
6457
In base 2, what is -10101001 - -111000101?
100011100
In base 15, what is 5 + 5e27?
5e2c
In base 9, what is 5 + -274264?
-274258
In base 8, what is -1 - -2240310?
2240307
In base 2, what is 10000 - -100111010?
101001010
In base 11, what is -3771a6 - 4?
-3771aa
In base 11, what is 10 + -160?
-150
In base 5, what is -3 + 422214?
422211
In base 15, what is -506 - -28?
-4cd
In base 9, what is -4 - -124057?
124053
In base 11, what is 959 + 240?
1099
In base 9, what is -2257 - -10?
-2247
In base 8, what is 231 - 45?
164
In base 8, what is -5 - 102762?
-102767
In base 14, what is 12c - -b4?
202
In base 9, what is -165 - 66378?
-66554
In base 10, what is -299 + 1?
-298
In base 6, what is -20130 - 12?
-20142
In base 3, what is 10 - -222001102?
222001112
In base 13, what is -4 - 119632?
-119636
In base 16, what is -228f + 7?
-2288
In base 8, what is 7 - 132337?
-132330
In base 5, what is -22000 - -230?
-21220
In base 8, what is 1 - -35453?
35454
In base 14, what is -2 + 8a7d1?
8a7cd
In base 3, what is -2202 - -1012212?
1010010
In base 11, what is 1 - -406459?
40645a
In base 11, what is 12a + 107?
236
In base 11, what is -1590 - 5?
-1595
In base 8, what is 16 - -122072?
122110
In base 4, what is -2000 - 2033?
-10033
In base 11, what is 26 + 575?
5a0
In base 14, what is -4b1ac + 4?
-4b1a8
In base 15, what is -214 + 1db?
-28
In base 11, what is 15 + 26aa4?
27009
In base 16, what is -97 - -bda?
b43
In base 5, what is -3001431 - 130?
-3002111
In base 6, what is 543 - -2313?
3300
In base 6, what is 251 + -404?
-113
In base 13, what is 1577c1 + 1?
1577c2
In base 5, what is -1213 - -1332044?
1330331
In base 13, what is -71 + -2600?
-2671
In base 9, what is -4844 + 75?
-4758
In base 15, what is -1 - -d06c?
d06b
In base 3, what is -21212 + -21100?
-120012
In base 11, what is -6 + 6587?
6581
In base 6, what is 43 + 1045?
1132
In base 16, what is 535 - d8?
45d
In base 3, what is 202212 + -201012210?
-200102221
In base 14, what is 3 - 735d?
-735a
In base 11, what is -871 - 1330?
-20a1
In base 15, what is 5 + -2429?
-2424
In base 4, what is -30021 + 1112?
-22303
In base 10, what is 4023 - -10?
4033
In base 11, what is 0 + -50951?
-50951
In base 5, what is -124410 - -3311?
-121044
In base 14, what is 11 + d126?
d137
In base 12, what is -26 - 833?
-859
In base 8, what is 2126017 - 4?
2126013
In base 15, what is 15cb - 61?
156a
In base 9, what is -313 - -45?
-257
In base 9, what is -842 - -101?
-741
In base 3, what is 200101101 + -10101?
200021000
In base 13, what is a - 827a?
-8270
In base 8, what is 211375 - 1?
211374
In base 12, what is -28 + -20254?
-20280
In base 9, what is -2 - 1615?
-1617
In base 4, what is 222323100 + -3?
222323031
In base 6, what is -15 - 43003?
-43022
In base 13, what is 43 + 12c39?
12c7c
In base 5, what is -31 + -433041?
-433122
In base 14, what is 2 - -5c8?
5ca
In base 8, what is -3327 - -301?
-3026
In base 13, what is -11 - -298?
287
In base 4, what is -113000201 - 2?
-113000203
In base 4, what is 3 - -232002011?
232002020
In base 16, what is 3 - -44a5?
44a8
In base 12, what is -3 - -42642?
4263b
In base 2, what is 11001 - -110110010011100?
110110010110101
In base 6, what is -320133 + 11?
-320122
In base 2, what is 1101011 - 101?
1100110
In base 5, what is 14121 - 11401?
2220
In base 9, what is -103 - 33045?
-33148
In base 13, what is 1 - 43289?
-43288
In base 15, what is 2 - db3b?
-db39
In base 9, what is 567 - 1828?
-1251
In base 15, what is -8d4a - -11?
-8d39
In base 12, what is -35884 - 8?
-35890
In base 15, what is -11 + -1726?
-1737
In base 2, what is -101110101 + -10110101?
-1000101010
In base 6, what is -535 + -1013?
-1552
In base 10, what is 28724 + -15?
28709
In base 7, what is -62241 - 4?
-62245
In base 15, what is d - -ab21?
ab2e
In base 10, what is -17566 - 311?
-17877
In base 3, what is -11000021 + -1221?
-11002012
In base 6, what is 115015300 - -1?
115015301
In base 2, what is -11000 - -11110?
110
In base 5, what is -331010 + -1014?
-332024
In base 2, what is -11011011 - 1010100?
-100101111
In base 13, what is -a - -874?
867
In base 16, what is -7561 + -1?
-7562
In base 16, what is -1b4 - -35e?
1aa
In base 3, what is -12210212 - 12222?
-20000211
In base 14, what is -2 - 1176b?
-1176d
In base 15, what is 0 + -80842?
-80842
In base 5, what is 2203444411 - -4?
2203444420
In base 3, what is -11110111122 + 12?
-11110111110
In base 10, what is -3 - -87839?
87836
In base 8, what is 1377 - -673?
2272
In base 3, what is 202220011222110 + -11?
202220011222022
In base 6, what is -1 - 4214?
-4215
In base 4, what is -202021331 - 11?
-202022002
In base 15, what is 0 + -5b54?
-5b54
In base 7, what is 164 + 1316?
1513
In base 6, what is 20 + 450?
510
In base 15, what is 